base 12?
535a97
24b880 (base 15) to base 12
70a833
Convert ba12a (base 13) to base 9.
562337
dda5 (base 16) to base 10
56741
Convert -1748357 (base 9) to base 14.
-1b616b
Convert 21396 (base 13) to base 12.
2a839
Convert -11110 (base 7) to base 12.
-1754
Convert -448b3 (base 15) to base 4.
-311031300
12a694 (base 13) to base 2
1101110001111000000
What is -265413 (base 7) in base 8?
-141425
-5cb43 (base 13) to base 9
-280612
What is 4210020 (base 5) in base 6?
1253121
What is 595a (base 15) in base 7?
106231
What is 1541260 (base 9) in base 3?
1121101022000
10010011011011101110011 (base 2) to base 6
251314055
Convert -2334ff (base 16) to base 10.
-2307327
a22767 (base 12) to base 5
1122044320
Convert -173373 (base 10) to base 5.
-21021443
What is 2a8a3a (base 12) in base 3?
1100121010001
14620133 (base 7) to base 3
2122010020112
-433165 (base 8) to base 6
-3035205
-18492 (base 13) to base 11
-32296
12130305 (base 7) to base 16
10867b
1834a36 (base 11) to base 5
1244013330
Convert -1412550 (base 7) to base 3.
-100120020000
What is -3672145 (base 9) in base 5?
-1002333444
283862 (base 9) to base 14
47313
682489 (base 12) to base 9
3114206
-278710 (base 9) to base 11
-10705a
What is -2cd5c (base 15) in base 13?
-50b77
176642a (base 12) to base 6
252122454
What is 426444 (base 7) in base 10?
74316
-305523 (base 8) to base 11
-6a043
What is 35f76 (base 16) in base 2?
110101111101110110
What is -40331 (base 10) in base 3?
-2001022202
What is -441206 (base 11) in base 3?
-1022210011221
What is -158651 (base 15) in base 12?
-42247a
What is 93bbcc (base 13) in base 10?
3453514
What is -a0243 (base 11) in base 2?
-100011110100001011
-14401 (base 8) to base 5
-201101
-1301128 (base 10) to base 15
-1aa7bd
Convert -1366963 (base 11) to base 9.
-4373834
Convert 103002330133 (base 4) to base 11.
2900189
Convert 19a66 (base 14) to base 12.
31862
10213442400 (base 5) to base 7
156561043
What is 3124411222 (base 5) in base 10?
6482062
What is 30121311 (base 4) in base 10?
50805
-152cb8c (base 13) to base 5
-3213044420
1021122102101 (base 3) to base 8
2463702
122200100 (base 3) to base 14
49a8
-233021013120 (base 4) to base 2
-101111001001000111011000
Convert -23240400 (base 5) to base 8.
-636007
2b1a (base 12) to base 4
1033012
Convert 12541460 (base 7) to base 15.
17b9ab
250205215 (base 6) to base 5
2210310002
-111110000101011000110 (base 2) to base 8
-7605306
Convert 111111101001110001011 (base 2) to base 13.
5804ac
What is -2b56c (base 15) in base 13?
-4b708
Convert -46343450 (base 8) to base 16.
-99c728
What is 1745873 (base 9) in base 15?
14400c
-100001000010100111101101 (base 2) to base 10
-8661485
-1b645f (base 16) to base 11
-1016810
Convert 106203 (base 9) to base 3.
10020020010
What is -11dac (base 14) in base 10?
-43860
Convert -3341046 (base 7) to base 13.
-1161b1
What is 31096 (base 13) in base 11?
60133
Convert 102001101110212 (base 3) to base 14.
acc523
-571146 (base 11) to base 9
-1635221
What is 76088 (base 10) in base 5?
4413323
Convert -648c5 (base 13) to base 6.
-3521015
What is 1a580 (base 13) in base 3?
2121121200
Convert 1221113022 (base 4) to base 16.
695ca
Convert 86831 (base 12) to base 2.
101011010100100101
11104015 (base 9) to base 16
520985
-11432433144 (base 5) to base 2
-110011101110111101001010
Convert -adc110 (base 14) to base 8.
-26430402
Convert -21130443 (base 5) to base 4.
-223031212
-1214010223 (base 5) to base 16
-2be128
10111000010001100 (base 2) to base 13
33c37
Convert 122003110 (base 4) to base 3.
12102101011
-212120120022 (base 3) to base 16
-714b9
-131070 (base 10) to base 15
-28c80
Convert -4623214 (base 7) to base 12.
-23a16a
Convert 1101100101000101001 (base 2) to base 6.
13312013
320022232 (base 4) to base 7
1645510
What is 13224033 (base 5) in base 12?
64b8a
What is -3500 (base 16) in base 11?
-a215
-2011211010202 (base 3) to base 4
-10122221321
-b16220 (base 13) to base 15
-56793a
-114a58 (base 11) to base 10
-182289
-2028344 (base 9) to base 7
-12124603
46090 (base 12) to base 9
152130
Convert 2300312401 (base 5) to base 6.
301021432
Convert -96b76 (base 12) to base 3.
-101002112000
-227171 (base 13) to base 4
-3013003310
Convert -10101100001001011110100 (base 2) to base 3.
-101121120221000
What is 1232551514 (base 6) in base 7?
233350420
What is -146b4 (base 15) in base 7?
-362245
What is -356cb (base 13) in base 15?
-1ded4
-10527012 (base 8) to base 11
-1312632
What is 641465 (base 14) in base 3?
20100221021200
-a3b62 (base 12) to base 13
-76661
What is -3876350 (base 11) in base 16?
-66727e
20010212100 (base 3) to base 16
1d853
Convert 143779 (base 11) to base 8.
666435
-75062 (base 8) to base 14
-b586
What is b69ac7 (base 15) in base 7?
133601236
Convert 4961956 (base 12) to base 15.
13ca420
-8d401 (base 15) to base 10
-449776
-2161a (base 11) to base 8
-75200
200021211111101 (base 3) to base 10
9720118
What is -23314 (base 7) in base 12?
-3571
-429ec (base 16) to base 12
-111ab8
-775564 (base 12) to base 14
-375180
Convert 12022212111 (base 3) to base 10.
104881
What is -4100243 (base 6) in base 9?
-325720
2207893 (base 11) to base 9
7256304
11121540 (base 6) to base 11
21052a
What is 99a7 (base 16) in base 12?
1a91b
Convert 120023030 (base 4) to base 11.
68439
118a486 (base 11) to base 10
2063628
126504 (base 9) to base 2
10010110010011010
7977b9 (base 14) to base 8
17604667
Convert -3002382 (base 13) to base 9.
-30227246
b945a0 (base 15) to base 3
121121021121020
What is -264112 (base 8) in base 13?
-32c9c
-300152 (base 8) to base 15
-1e25a
-2625143 (base 7) to base 5
-41431422
What is -2845535 (base 9) in base 16?
-17e3a0
Convert 101011001010011011100110 (base 2) to base 16.
aca6e6
2016561 (base 7) to base 15
4b1d0
-74b118 (base 12) to base 7
-21446630
What is -5180118 (base 9) in base 15?
-39a5e5
Convert -9661515 (base 11) to base 10.
-17000153
-454340 (base 6) to base 3
-1221220220
12e0e (base 15) to base 4
32301323
What is -21464443 (base 7) in base 15?
-26782d
-392187 (base 13) to base 11
-85a568
What is -6098872 (base 10) in base 8?
-27207670
Convert -118674 (base 14) to base 10.
-599470
What is 21021211102202 (base 3) in base 12?
136a03b
What is -19513c4 (base 14) in base 6?
-1125153440
Convert -20001000021 (base 3) to base 14.
-31442
What is -2a096a2 (base 11) in base 13?
-10bb792
Convert 24076 (base 9) to base 2.
11111011101011
-795260 (base 10) to base 8
-3021174
107356 (base 14) to base 15
b039b
-3042213 (base 5) to base 13
-197ca
What is 9125044 (base 11) in base 8?
75445435
What is -54c41 (base 13) in base 6?
-3143242
3b706 (base 12) to base 5
10112410
Convert -2bb80 (base 14) to base 15.
-225a9
-25415623 (base 8) to base 15
-7670a5
Convert 4570a0 (base 15) to base 10.
3314400
What is -44327146 (base 8) in base 2?
-100100011010111001100110
Convert -661501 (base 7) to base 10.
-115837
What is -8565300 (base 9) in base 3?
-22122012100000
What is 24138827 (base 9) in base 10?
11776939
Convert -455200 (base 6) to base 2.
-1001011101010000
109523 (base 11) to base 7
1322204
What is -2113202031 (base 4) in base 15?
-c3d90
What is -420176 (base 8) in base 6?
-2553154
Convert -10000001100000110010 (base 2) to base 14.
-db478
10000020022020 (base 3) to base 6
54134223
e18e8b (base 15) to base 10
10712156
Convert -644bd (base 14) to base 3.
-110022112122
5512001 (base 8) to base 15
1e3656
What is -1100010001010100000011 (base 2) in base 8?
-14212403
Convert -210122201020 (base 3) to base 4.
-1220010033
Convert -1578a70 (base 11) to base 10.
-2691238
What is 330043121 (base 5) in base 2?
101011000000010001001
-66099 (base 12) to base 15
-29e86
What is 120310322 (base 5) in base 7?
4506540
11112030001 (base 4) to base 13
3a0c66
111111022122 (base 3) to base 12
109845
What is -222240132 (base 5) in base 16?
-eea86
2201202120 (base 3) to base 7
312525
9569 (base 14) to base 8
62251
212020201220 (base 4) to base 8
46104150
What is 2438ca7 (base 13) in base 15?
ec1944
What is -3b03a4 (base 15) in base 16?
-2b4575
Convert -2e094 (base 15) to base 4.
-210102133
1468119 (base 11) to base 15
34a01a
What is -3113441 (base 5) in base 11?
-35454
Convert -547096 (base 12) to base 5.
-320324224
What is -23230201 (base 5) in base 15?
-4291b
Convert 17339b (base 13) to base 4.
2031032032
What is -a76504 (base 11)